{"id":7607,"date":"2022-12-06T16:26:25","date_gmt":"2022-12-06T14:26:25","guid":{"rendered":"https:\/\/www.germansuzuki.de\/?page_id=7607"},"modified":"2025-08-04T14:17:55","modified_gmt":"2025-08-04T12:17:55","slug":"internationale-konferenzen","status":"publish","type":"page","link":"https:\/\/www.germansuzuki.de\/?page_id=7607","title":{"rendered":"Internationale Konferenzen"},"content":{"rendered":"<h2><span style=\"color: #000080;\"><strong><em>Herzliche Einladung\u00a0<\/em><\/strong><\/span><\/h2>\n<p><span style=\"color: #000000;\">Im Oktober veranstalten wir einen inspirierenden Weiterbildungs-Workshop, zu dem wir alle Cello- und Violin-Lehrer herzlich einladen.<\/span><\/p>\n<p><a href=\"https:\/\/www.germansuzuki.de\/wp-content\/uploads\/2025\/07\/Poster_Workshop_2025_Homepage_kl.jpg\"><img decoding=\"async\" loading=\"lazy\" class=\"aligncenter size-full wp-image-10783\" src=\"https:\/\/www.germansuzuki.de\/wp-content\/uploads\/2025\/07\/Poster_Workshop_2025_Homepage_kl.jpg\" alt=\"\" width=\"827\" height=\"601\" srcset=\"https:\/\/www.germansuzuki.de\/wp-content\/uploads\/2025\/07\/Poster_Workshop_2025_Homepage_kl.jpg 827w, https:\/\/www.germansuzuki.de\/wp-content\/uploads\/2025\/07\/Poster_Workshop_2025_Homepage_kl-300x218.jpg 300w, https:\/\/www.germansuzuki.de\/wp-content\/uploads\/2025\/07\/Poster_Workshop_2025_Homepage_kl-768x558.jpg 768w\" sizes=\"(max-width: 827px) 100vw, 827px\" \/><\/a><\/p>\n<p><span style=\"color: #000000;\"><b>Veranstaltungsdetails:<\/b><\/span><br \/>\n<span style=\"color: #000000;\">Ort: Akademie Remscheid<\/span><br \/>\n<span style=\"color: #000000;\">Beginn: Samstag um 14:30 Uhr<\/span><br \/>\n<span style=\"color: #000000;\">Ende: Sonntag um 13:30 Uhr<\/span><br \/>\n<span style=\"color: #000000;\">Sprachen: Deutsch und Englisch<\/span><br \/>\n<span style=\"color: #000000;\"><b><br \/>\nAngebote im \u00dcberblick:<\/b><\/span><\/p>\n<p><span style=\"color: #000000;\"><b><i>Kurs f\u00fcr Violin-Lehrer:<\/i><\/b><\/span><br \/>\n<span style=\"color: #000000;\">\u201eKreative Unterrichtsgestaltung: Vielfalt im Gruppenunterricht f\u00fcr Geigen-Sch\u00fcler in den Heften 2\u20135\u201c<\/span><br \/>\n<span style=\"color: #000000;\">Leitung: Margherita Biederbick, Kathrin Averdung und Arjada Hasanaj<\/span><\/p>\n<p><span style=\"color: #000000;\"><i><b>Kurs f\u00fcr Cello-Lehrer:<\/b><\/i><\/span><br \/>\n<span style=\"color: #000000;\">\u201eLebendiger Cello-Gruppenunterricht f\u00fcr die Unterstufe: Technik, Ensemblespiel und Arbeit am musikalischen Ausdruck\u201c<\/span><br \/>\n<span style=\"color: #000000;\">Leitung: Tapalin Charoensook (Thailand)<\/span><\/p>\n<p><span style=\"color: #000000;\"><i><b>Vorstellung des Cello-Technikbuches:<\/b><\/i><\/span><br \/>\n<span style=\"color: #000000;\">\u201eCello Technique \u2013 Checkpoints\u201c (von Pre-Twinkle bis Heft 6) \u2013 inklusive eBook, Videos und \u00fcber 300 Audio-Dateien<\/span><\/p>\n<p><span style=\"color: #000000;\"><i><b>Das gesamte Material steht Ihnen au\u00dferdem in unserer IMTEX-Mediathek zur Verf\u00fcgung.<\/b><\/i><\/span><\/p>\n<p><span style=\"color: #000000;\"><a style=\"color: #000000;\" href=\"https:\/\/www.germansuzuki.de\/wp-content\/uploads\/2025\/07\/Titel_Cello_Technique_Tapalin_Charoensook_kl-1.png\"><img decoding=\"async\" loading=\"lazy\" class=\"aligncenter size-full wp-image-10784\" src=\"https:\/\/www.germansuzuki.de\/wp-content\/uploads\/2025\/07\/Titel_Cello_Technique_Tapalin_Charoensook_kl-1.png\" alt=\"\" width=\"935\" height=\"1333\" srcset=\"https:\/\/www.germansuzuki.de\/wp-content\/uploads\/2025\/07\/Titel_Cello_Technique_Tapalin_Charoensook_kl-1.png 935w, https:\/\/www.germansuzuki.de\/wp-content\/uploads\/2025\/07\/Titel_Cello_Technique_Tapalin_Charoensook_kl-1-210x300.png 210w, https:\/\/www.germansuzuki.de\/wp-content\/uploads\/2025\/07\/Titel_Cello_Technique_Tapalin_Charoensook_kl-1-718x1024.png 718w, https:\/\/www.germansuzuki.de\/wp-content\/uploads\/2025\/07\/Titel_Cello_Technique_Tapalin_Charoensook_kl-1-768x1095.png 768w\" sizes=\"(max-width: 935px) 100vw, 935px\" \/><\/a><\/span><\/p>\n<p><span style=\"color: #000000;\"><em><strong>Gemeinsame Veranstaltungen:<\/strong><\/em><\/span><br \/>\n<span style=\"color: #000000;\">u.a. Ensemble-St\u00fccke f\u00fcr Streicher sowie Musik und Bewegung mit Arjada Hasanaj und Margherita Biederbick<\/span><\/p>\n<h2><span style=\"color: #993300;\"><strong>Bitte melden Sie sich hier an:\u00a0<a style=\"color: #993300;\" href=\"https:\/\/www.imtex-online.com\/anmeldung\/rs\/nts\/language.php\">Anmelde-Formular<\/a><\/strong><\/span><\/h2>\n<p><span style=\"color: #000000;\">Bei der Anmeldung k\u00f6nnen Sie eine \u00dcbernachtung in Einzel- oder Doppelzimmer sowie die Teilnahme am Lehrer-Workshop vom 25.\u201326. Oktober ausw\u00e4hlen. Nach Ihrer Anmeldung erhalten Sie eine E-Mail mit den Bezahlm\u00f6glichkeiten. Die Zahlung f\u00fcr Unterkunft und Verpflegung sollte innerhalb von 40 Tagen erfolgen.<\/span><\/p>\n<p><span style=\"color: #000000;\">Da die Zimmeranzahl begrenzt ist, empfehlen wir<\/span> eine fr\u00fchzeitige Anmeldung.<\/p>\n","protected":false},"excerpt":{"rendered":"<p>Herzliche Einladung\u00a0 Im Oktober veranstalten wir einen inspirierenden Weiterbildungs-Workshop, zu dem wir alle Cello- und Violin-Lehrer herzlich einladen. Veranstaltungsdetails: Ort: Akademie Remscheid Beginn: Samstag um 14:30 Uhr Ende: Sonntag um&#8230;<\/p>\n","protected":false},"author":2,"featured_media":0,"parent":0,"menu_order":0,"comment_status":"closed","ping_status":"closed","template":"","meta":[],"_links":{"self":[{"href":"https:\/\/www.germansuzuki.de\/index.php?rest_route=\/wp\/v2\/pages\/7607"}],"collection":[{"href":"https:\/\/www.germansuzuki.de\/index.php?rest_route=\/wp\/v2\/pages"}],"about":[{"href":"https:\/\/www.germansuzuki.de\/index.php?rest_route=\/wp\/v2\/types\/page"}],"author":[{"embeddable":true,"href":"https:\/\/www.germansuzuki.de\/index.php?rest_route=\/wp\/v2\/users\/2"}],"replies":[{"embeddable":true,"href":"https:\/\/www.germansuzuki.de\/index.php?rest_route=%2Fwp%2Fv2%2Fcomments&post=7607"}],"version-history":[{"count":187,"href":"https:\/\/www.germansuzuki.de\/index.php?rest_route=\/wp\/v2\/pages\/7607\/revisions"}],"predecessor-version":[{"id":10573,"href":"https:\/\/www.germansuzuki.de\/index.php?rest_route=\/wp\/v2\/pages\/7607\/revisions\/10573"}],"wp:attachment":[{"href":"https:\/\/www.germansuzuki.de\/index.php?rest_route=%2Fwp%2Fv2%2Fmedia&parent=7607"}],"curies":[{"name":"wp","href":"https:\/\/api.w.org\/{rel}","templated":true}]}}

<h2><span style="color: #000080;"><strong><em>Herzliche Einladung </em></strong></span></h2>
<p><span style="color: #000000;">Im Oktober veranstalten wir einen inspirierenden Weiterbildungs-Workshop, zu dem wir alle Cello- und Violin-Lehrer herzlich einladen.</span></p>
<p><a href="https://www.germansuzuki.de/wp-content/uploads/2025/07/Poster_Workshop_2025_Homepage_kl.jpg"><img decoding="async" loading="lazy" class="aligncenter size-full wp-image-10783" src="https://www.germansuzuki.de/wp-content/uploads/2025/07/Poster_Workshop_2025_Homepage_kl.jpg" alt="" width="827" height="601" srcset="https://www.germansuzuki.de/wp-content/uploads/2025/07/Poster_Workshop_2025_Homepage_kl.jpg 827w, https://www.germansuzuki.de/wp-content/uploads/2025/07/Poster_Workshop_2025_Homepage_kl-300x218.jpg 300w, https://www.germansuzuki.de/wp-content/uploads/2025/07/Poster_Workshop_2025_Homepage_kl-768x558.jpg 768w" sizes="(max-width: 827px) 100vw, 827px" /></a></p>
<p><span style="color: #000000;"><b>Veranstaltungsdetails:</b></span><br />
<span style="color: #000000;">Ort: Akademie Remscheid</span><br />
<span style="color: #000000;">Beginn: Samstag um 14:30 Uhr</span><br />
<span style="color: #000000;">Ende: Sonntag um 13:30 Uhr</span><br />
<span style="color: #000000;">Sprachen: Deutsch und Englisch</span><br />
<span style="color: #000000;"><b><br />
Angebote im Überblick:</b></span></p>
<p><span style="color: #000000;"><b><i>Kurs für Violin-Lehrer:</i></b></span><br />
<span style="color: #000000;">„Kreative Unterrichtsgestaltung: Vielfalt im Gruppenunterricht für Geigen-Schüler in den Heften 2–5“</span><br />
<span style="color: #000000;">Leitung: Margherita Biederbick, Kathrin Averdung und Arjada Hasanaj</span></p>
<p><span style="color: #000000;"><i><b>Kurs für Cello-Lehrer:</b></i></span><br />
<span style="color: #000000;">„Lebendiger Cello-Gruppenunterricht für die Unterstufe: Technik, Ensemblespiel und Arbeit am musikalischen Ausdruck“</span><br />
<span style="color: #000000;">Leitung: Tapalin Charoensook (Thailand)</span></p>
<p><span style="color: #000000;"><i><b>Vorstellung des Cello-Technikbuches:</b></i></span><br />
<span style="color: #000000;">„Cello Technique – Checkpoints“ (von Pre-Twinkle bis Heft 6) – inklusive eBook, Videos und über 300 Audio-Dateien</span></p>
<p><span style="color: #000000;"><i><b>Das gesamte Material steht Ihnen außerdem in unserer IMTEX-Mediathek zur Verfügung.</b></i></span></p>
<p><span style="color: #000000;"><a style="color: #000000;" href="https://www.germansuzuki.de/wp-content/uploads/2025/07/Titel_Cello_Technique_Tapalin_Charoensook_kl-1.png"><img decoding="async" loading="lazy" class="aligncenter size-full wp-image-10784" src="https://www.germansuzuki.de/wp-content/uploads/2025/07/Titel_Cello_Technique_Tapalin_Charoensook_kl-1.png" alt="" width="935" height="1333" srcset="https://www.germansuzuki.de/wp-content/uploads/2025/07/Titel_Cello_Technique_Tapalin_Charoensook_kl-1.png 935w, https://www.germansuzuki.de/wp-content/uploads/2025/07/Titel_Cello_Technique_Tapalin_Charoensook_kl-1-210x300.png 210w, https://www.germansuzuki.de/wp-content/uploads/2025/07/Titel_Cello_Technique_Tapalin_Charoensook_kl-1-718x1024.png 718w, https://www.germansuzuki.de/wp-content/uploads/2025/07/Titel_Cello_Technique_Tapalin_Charoensook_kl-1-768x1095.png 768w" sizes="(max-width: 935px) 100vw, 935px" /></a></span></p>
<p><span style="color: #000000;"><em><strong>Gemeinsame Veranstaltungen:</strong></em></span><br />
<span style="color: #000000;">u.a. Ensemble-Stücke für Streicher sowie Musik und Bewegung mit Arjada Hasanaj und Margherita Biederbick</span></p>
<h2><span style="color: #993300;"><strong>Bitte melden Sie sich hier an: <a style="color: #993300;" href="https://www.imtex-online.com/anmeldung/rs/nts/language.php">Anmelde-Formular</a></strong></span></h2>
<p><span style="color: #000000;">Bei der Anmeldung können Sie eine Übernachtung in Einzel- oder Doppelzimmer sowie die Teilnahme am Lehrer-Workshop vom 25.–26. Oktober auswählen. Nach Ihrer Anmeldung erhalten Sie eine E-Mail mit den Bezahlmöglichkeiten. Die Zahlung für Unterkunft und Verpflegung sollte innerhalb von 40 Tagen erfolgen.</span></p>
<p><span style="color: #000000;">Da die Zimmeranzahl begrenzt ist, empfehlen wir</span> eine frühzeitige Anmeldung.</p>
