{"id":529,"date":"2010-04-26T11:06:52","date_gmt":"2010-04-26T09:06:52","guid":{"rendered":"http:\/\/www.germansuzuki.com\/?page_id=529"},"modified":"2024-02-07T21:16:41","modified_gmt":"2024-02-07T19:16:41","slug":"mein-trio-buch","status":"publish","type":"page","link":"https:\/\/www.germansuzuki.de\/?page_id=529","title":{"rendered":"Mein Trio-Buch"},"content":{"rendered":"[vc_row type=&#8220;in_container&#8220; full_screen_row_position=&#8220;middle&#8220; scene_position=&#8220;center&#8220; text_color=&#8220;dark&#8220; text_align=&#8220;left&#8220; overlay_strength=&#8220;0.3&#8243; shape_divider_position=&#8220;bottom&#8220;][vc_column column_padding=&#8220;no-extra-padding&#8220; column_padding_position=&#8220;all&#8220; background_color_opacity=&#8220;1&#8243; background_hover_color_opacity=&#8220;1&#8243; column_shadow=&#8220;none&#8220; column_border_radius=&#8220;none&#8220; width=&#8220;1\/4&#8243; tablet_text_alignment=&#8220;default&#8220; phone_text_alignment=&#8220;default&#8220; column_border_width=&#8220;none&#8220; column_border_style=&#8220;solid&#8220;][vc_column_text]\n<h2><img decoding=\"async\" loading=\"lazy\" class=\"size-full wp-image-7573 alignleft\" src=\"https:\/\/www.germansuzuki.de\/wp-content\/uploads\/2018\/06\/Trio-Buch.jpg\" alt=\"\" width=\"451\" height=\"600\" srcset=\"https:\/\/www.germansuzuki.de\/wp-content\/uploads\/2018\/06\/Trio-Buch.jpg 451w, https:\/\/www.germansuzuki.de\/wp-content\/uploads\/2018\/06\/Trio-Buch-226x300.jpg 226w\" sizes=\"(max-width: 451px) 100vw, 451px\" \/><\/h2>\n[\/vc_column_text][\/vc_column][vc_column column_padding=&#8220;no-extra-padding&#8220; column_padding_position=&#8220;all&#8220; background_color_opacity=&#8220;1&#8243; background_hover_color_opacity=&#8220;1&#8243; column_shadow=&#8220;none&#8220; column_border_radius=&#8220;none&#8220; width=&#8220;3\/4&#8243; tablet_text_alignment=&#8220;default&#8220; phone_text_alignment=&#8220;default&#8220; column_border_width=&#8220;none&#8220; column_border_style=&#8220;solid&#8220;][vc_column_text]\n<h2><span style=\"color: #000080;\">Mein Trio-Buch<\/span><\/h2>\n<h4>In diesem Band mit zugeh\u00f6riger CD befinden sich <span style=\"color: #000080;\">alle St\u00fccke der Suzuki-Violinschule von Heft 1 und 2*<\/span>, arrangiert f\u00fcr drei Geigen.<\/h4>\n<h4>Diese k\u00f6nnen sowohl mit als auch ohne Klavier gespielt werden, wodurch die Bandbreite der Vorspielm\u00f6glichkeiten sinnvoll erweitert wird.<\/h4>\n<h4>Partitur (00 -19640X)<br \/>\nVioline 2 (00 -19720X)<br \/>\nVioline 3 (00 -19800X)<br \/>\nCD (00 -19990X)<\/h4>\n<h4><em><span style=\"color: #000080;\">*<\/span>Die erste Stimme (Violine 1) ist sowohl in der Partitur als auch in Band 1 und 2 der Suzuki Violin Schule enthalten!<\/em><\/h4>\n[\/vc_column_text][\/vc_column][\/vc_row][vc_row type=&#8220;in_container&#8220; full_screen_row_position=&#8220;middle&#8220; scene_position=&#8220;center&#8220; text_color=&#8220;dark&#8220; text_align=&#8220;left&#8220; overlay_strength=&#8220;0.3&#8243; shape_divider_position=&#8220;bottom&#8220;][vc_column column_padding=&#8220;no-extra-padding&#8220; column_padding_position=&#8220;all&#8220; background_color_opacity=&#8220;1&#8243; background_hover_color_opacity=&#8220;1&#8243; column_shadow=&#8220;none&#8220; column_border_radius=&#8220;none&#8220; width=&#8220;1\/1&#8243; tablet_text_alignment=&#8220;default&#8220; phone_text_alignment=&#8220;default&#8220; column_border_width=&#8220;none&#8220; column_border_style=&#8220;solid&#8220;][vc_column_text]\n<address>\u00a0<\/address>\n<h2><span style=\"color: #000080;\">Die Besonderheiten<\/span><\/h2>\n<ul>\n<li>\n<h4>Im Heft befinden sich Aufstellungen der Notenleseanforderungen f\u00fcr jedes St\u00fcck und jede Stimme, so da\u00df der Lehrer die Stimmen gezielt an seine Sch\u00fcler verteilen kann.<\/h4>\n<\/li>\n<li>\n<h4>Sch\u00fcler mit ganz unterschiedlichem Spiel- und Notenleseniveau k\u00f6nnen zusammen musizieren.<\/h4>\n<\/li>\n<li>\n<h4>Das Erlernen der einzelnen Stimmen kommt einem systematischen Notenlese- und Blattspieltraining gleich.<\/h4>\n<\/li>\n<li>\n<h4>Die CD, auf der alle St\u00fccke der Suzuki-Violinschule von Heft 1 und 2 in Trio-Besetzung mit Harfenvorspielen eingespielt sind, ist sowohl zum Anh\u00f6ren als auch zum Mitspielen gedacht.<\/h4>\n<\/li>\n<\/ul>\n[\/vc_column_text][\/vc_column][\/vc_row][vc_row type=&#8220;in_container&#8220; full_screen_row_position=&#8220;middle&#8220; scene_position=&#8220;center&#8220; text_color=&#8220;dark&#8220; text_align=&#8220;left&#8220; overlay_strength=&#8220;0.3&#8243; shape_divider_position=&#8220;bottom&#8220;][vc_column column_padding=&#8220;no-extra-padding&#8220; column_padding_position=&#8220;all&#8220; background_color_opacity=&#8220;1&#8243; background_hover_color_opacity=&#8220;1&#8243; column_shadow=&#8220;none&#8220; column_border_radius=&#8220;none&#8220; width=&#8220;1\/2&#8243; tablet_text_alignment=&#8220;default&#8220; phone_text_alignment=&#8220;default&#8220; column_border_width=&#8220;none&#8220; column_border_style=&#8220;solid&#8220;][vc_column_text]\n<table border=\"0\" width=\"277\">\n<tbody>\n<tr>\n<td width=\"95\">\n<h2><span style=\"color: #000080;\"><strong><strong>H\u00d6RPROBEN!<\/strong><\/strong><\/span><\/h2>\n<\/td>\n<td width=\"158\"><\/td>\n<\/tr>\n<\/tbody>\n<\/table>\n<table border=\"0\" width=\"748\">\n<tbody>\n<tr>\n<td width=\"109\">\n<div>\n<h4><span style=\"color: #000000;\">Track 06:<\/span><\/h4>\n<\/div>\n<\/td>\n<td width=\"629\">\n<h4><a href=\"http:\/\/www.germansuzuki.com\/wp-content\/uploads\/2010\/11\/06Trio1.mp3\"><span style=\"color: #000080;\">Ihr Kinderlein kommet, Volkslied<\/span><\/a><\/h4>\n<\/td>\n<\/tr>\n<tr>\n<td>\n<div>\n<h4><span style=\"color: #000000;\">Track 08:<\/span><\/h4>\n<\/div>\n<\/td>\n<td>\n<h4><a href=\"http:\/\/www.germansuzuki.com\/wp-content\/uploads\/2010\/11\/08Trio.mp3\"><span style=\"color: #000080;\">Lang, lang ist\u2019s her, T. H. Bayly<\/span><\/a><\/h4>\n<\/td>\n<\/tr>\n<tr>\n<td>\n<div>\n<h4><span style=\"color: #000000;\">Track 10:<\/span><\/h4>\n<\/div>\n<\/td>\n<td>\n<h4><span style=\"color: #000080;\"><a style=\"color: #000080;\" href=\"http:\/\/www.germansuzuki.com\/wp-content\/uploads\/2010\/11\/10Trio.mp3\">Perpetual Motion, Shinichi Suzuki<\/a><\/span><\/h4>\n<\/td>\n<\/tr>\n<tr>\n<td>\n<div>\n<h4><span style=\"color: #000000;\">Track 21:<\/span><\/h4>\n<\/div>\n<\/td>\n<td>\n<h4><span style=\"color: #000080;\"><a style=\"color: #000080;\" href=\"http:\/\/www.germansuzuki.com\/wp-content\/uploads\/2010\/11\/21Trio.mp3\">J\u00e4gerchor, C. M. v. Weber<\/a><\/span><\/h4>\n<\/td>\n<\/tr>\n<tr>\n<td>\n<h4><span style=\"color: #000000;\">Track 29:<\/span><\/h4>\n<\/td>\n<td>\n<h4><span style=\"color: #000080;\"><a style=\"color: #000080;\" href=\"http:\/\/www.germansuzuki.com\/wp-content\/uploads\/2010\/11\/29Trio.mp3\">Menuett, L. v. Beethoven<\/a><\/span><\/h4>\n<\/td>\n<\/tr>\n<\/tbody>\n<\/table>\n[\/vc_column_text][\/vc_column][vc_column column_padding=&#8220;no-extra-padding&#8220; column_padding_position=&#8220;all&#8220; background_color_opacity=&#8220;1&#8243; background_hover_color_opacity=&#8220;1&#8243; column_shadow=&#8220;none&#8220; column_border_radius=&#8220;none&#8220; width=&#8220;1\/4&#8243; tablet_text_alignment=&#8220;default&#8220; phone_text_alignment=&#8220;default&#8220; column_border_width=&#8220;none&#8220; column_border_style=&#8220;solid&#8220;][vc_column_text]<img decoding=\"async\" loading=\"lazy\" class=\"aligncenter size-full wp-image-7579\" src=\"https:\/\/www.germansuzuki.de\/wp-content\/uploads\/2018\/06\/Trio45.jpg\" alt=\"\" width=\"1241\" height=\"1755\" srcset=\"https:\/\/www.germansuzuki.de\/wp-content\/uploads\/2018\/06\/Trio45.jpg 1241w, https:\/\/www.germansuzuki.de\/wp-content\/uploads\/2018\/06\/Trio45-212x300.jpg 212w, https:\/\/www.germansuzuki.de\/wp-content\/uploads\/2018\/06\/Trio45-768x1086.jpg 768w, https:\/\/www.germansuzuki.de\/wp-content\/uploads\/2018\/06\/Trio45-724x1024.jpg 724w\" sizes=\"(max-width: 1241px) 100vw, 1241px\" \/>[\/vc_column_text][\/vc_column][vc_column column_padding=&#8220;no-extra-padding&#8220; column_padding_position=&#8220;all&#8220; background_color_opacity=&#8220;1&#8243; background_hover_color_opacity=&#8220;1&#8243; column_shadow=&#8220;none&#8220; column_border_radius=&#8220;none&#8220; width=&#8220;1\/4&#8243; tablet_text_alignment=&#8220;default&#8220; phone_text_alignment=&#8220;default&#8220; column_border_width=&#8220;none&#8220; column_border_style=&#8220;solid&#8220;][vc_column_text]<img decoding=\"async\" loading=\"lazy\" class=\"aligncenter size-full wp-image-7580\" src=\"https:\/\/www.germansuzuki.de\/wp-content\/uploads\/2018\/06\/Trio_Beethoven.jpg\" alt=\"\" width=\"1241\" height=\"1755\" srcset=\"https:\/\/www.germansuzuki.de\/wp-content\/uploads\/2018\/06\/Trio_Beethoven.jpg 1241w, https:\/\/www.germansuzuki.de\/wp-content\/uploads\/2018\/06\/Trio_Beethoven-212x300.jpg 212w, https:\/\/www.germansuzuki.de\/wp-content\/uploads\/2018\/06\/Trio_Beethoven-768x1086.jpg 768w, https:\/\/www.germansuzuki.de\/wp-content\/uploads\/2018\/06\/Trio_Beethoven-724x1024.jpg 724w\" sizes=\"(max-width: 1241px) 100vw, 1241px\" \/>[\/vc_column_text][\/vc_column][\/vc_row][vc_row type=&#8220;in_container&#8220; full_screen_row_position=&#8220;middle&#8220; scene_position=&#8220;center&#8220; text_color=&#8220;dark&#8220; text_align=&#8220;left&#8220; overlay_strength=&#8220;0.3&#8243; shape_divider_position=&#8220;bottom&#8220; shape_type=&#8220;&#8220;][vc_column column_padding=&#8220;no-extra-padding&#8220; column_padding_position=&#8220;all&#8220; background_color_opacity=&#8220;1&#8243; background_hover_color_opacity=&#8220;1&#8243; column_shadow=&#8220;none&#8220; column_border_radius=&#8220;none&#8220; width=&#8220;1\/2&#8243; tablet_text_alignment=&#8220;default&#8220; phone_text_alignment=&#8220;default&#8220; column_border_width=&#8220;none&#8220; column_border_style=&#8220;solid&#8220;][vc_column_text]\n<h2><span style=\"color: #000000;\">NEU in unserer<\/span> <span style=\"color: #000080;\"><a style=\"color: #000080;\" href=\"https:\/\/www.imtex.info\/index.php?id=24\">ONLINE MEDIATHEK<\/a><\/span>!<\/h2>\n<h3><a href=\"https:\/\/www.imtex.info\/istex\/downloadshop2\/\"><span style=\"color: #000080;\">Sehr leichte Streichtrios<\/span><\/a><br \/>\n<span style=\"color: #000000;\">Arrangiert f\u00fcr zwei Violinen &amp; Cello von Kerstin Wartberg<\/span><\/h3>\n<p>&nbsp;<\/p>\n<p><span style=\"color: #000000;\">Alle Stimmen sind absichtlich so einfach wie m\u00f6glich gehalten.<\/span><\/p>\n<p><span style=\"color: #000000;\">Priorit\u00e4t haben also nicht satz- und kompositionstechnische Anforderungen, sondern leichte Spielbarkeit der dreistimmigen S\u00e4tze. <\/span><span style=\"color: #000000;\">Ist der Notentext erst einmal erlernt, kann mit der wirklichen Arbeit begonnen werden, n\u00e4mlich mit der Qualit\u00e4tsverbesserung des Ensemblespiels.<\/span><\/p>\n<p><span style=\"color: #000000;\">Unterrichtsschwerpunkt soll die Feinabstimmung zwischen den einzelnen Stimmen sein in den Bereichen: <\/span><\/p>\n<p><span style=\"color: #000000;\">Intonation, Rhythmus, Dynamik, Artikulation, Phrasierung, Bogeneinteilung, gemeinsames Atmen, gemeinsames Beginnen und Beenden einer Phrase u. a.<\/span>[\/vc_column_text][\/vc_column][vc_column column_padding=&#8220;no-extra-padding&#8220; column_padding_position=&#8220;all&#8220; background_color_opacity=&#8220;1&#8243; background_hover_color_opacity=&#8220;1&#8243; column_shadow=&#8220;none&#8220; column_border_radius=&#8220;none&#8220; width=&#8220;1\/4&#8243; tablet_text_alignment=&#8220;default&#8220; phone_text_alignment=&#8220;default&#8220; column_border_width=&#8220;none&#8220; column_border_style=&#8220;solid&#8220;][\/vc_column][vc_column column_padding=&#8220;no-extra-padding&#8220; column_padding_position=&#8220;all&#8220; background_color_opacity=&#8220;1&#8243; background_hover_color_opacity=&#8220;1&#8243; column_shadow=&#8220;none&#8220; column_border_radius=&#8220;none&#8220; width=&#8220;1\/4&#8243; tablet_text_alignment=&#8220;default&#8220; phone_text_alignment=&#8220;default&#8220; column_border_width=&#8220;none&#8220; column_border_style=&#8220;solid&#8220;][vc_column_text]\n<h3><img decoding=\"async\" loading=\"lazy\" class=\"aligncenter size-full wp-image-7597\" src=\"https:\/\/www.germansuzuki.de\/wp-content\/uploads\/2018\/06\/Cellokind-1.jpg\" alt=\"\" width=\"438\" height=\"633\" srcset=\"https:\/\/www.germansuzuki.de\/wp-content\/uploads\/2018\/06\/Cellokind-1.jpg 438w, https:\/\/www.germansuzuki.de\/wp-content\/uploads\/2018\/06\/Cellokind-1-208x300.jpg 208w\" sizes=\"(max-width: 438px) 100vw, 438px\" \/><\/h3>\n[\/vc_column_text][\/vc_column][\/vc_row][vc_row type=&#8220;in_container&#8220; full_screen_row_position=&#8220;middle&#8220; scene_position=&#8220;center&#8220; text_color=&#8220;dark&#8220; text_align=&#8220;left&#8220; color_overlay=&#8220;#b0e2ff&#8220; overlay_strength=&#8220;0.3&#8243; shape_divider_position=&#8220;bottom&#8220; shape_type=&#8220;&#8220;][vc_column column_padding=&#8220;no-extra-padding&#8220; column_padding_position=&#8220;all&#8220; background_color=&#8220;#b0e2ff&#8220; background_color_opacity=&#8220;1&#8243; background_hover_color_opacity=&#8220;1&#8243; column_shadow=&#8220;none&#8220; column_border_radius=&#8220;none&#8220; width=&#8220;1\/4&#8243; tablet_text_alignment=&#8220;default&#8220; phone_text_alignment=&#8220;default&#8220; column_border_width=&#8220;none&#8220; column_border_color=&#8220;#fffafa&#8220; column_border_style=&#8220;solid&#8220;][vc_column_text]\n<h4 style=\"text-align: center;\"><span style=\"color: #000000;\"><strong>Sammlung 1<br \/>\n<\/strong><\/span><\/h4>\n<h4 style=\"text-align: center;\">KOSTENLOSE DOWNLOADS:<\/h4>\n<h4 style=\"text-align: center;\"><a href=\"https:\/\/www.imtex-online.com\/mediathek\/downloads\/pub\/f275\/275_1.pdf\"><span style=\"color: #000080;\">Tonumfang der einzelnen Stimmen<\/span><\/a><\/h4>\n<h4 style=\"text-align: center;\"><a href=\"https:\/\/www.imtex-online.com\/mediathek\/downloads\/pub\/f275\/275_2.pdf\"><span style=\"color: #000080;\">Beispielseite<\/span><\/a><\/h4>\n[\/vc_column_text][\/vc_column][vc_column column_padding=&#8220;no-extra-padding&#8220; column_padding_position=&#8220;all&#8220; background_color=&#8220;#b0e2ff&#8220; background_color_opacity=&#8220;1&#8243; background_hover_color_opacity=&#8220;1&#8243; column_shadow=&#8220;none&#8220; column_border_radius=&#8220;none&#8220; width=&#8220;1\/4&#8243; tablet_text_alignment=&#8220;default&#8220; phone_text_alignment=&#8220;default&#8220; column_border_width=&#8220;none&#8220; column_border_color=&#8220;#ffffff&#8220; column_border_style=&#8220;solid&#8220;][vc_column_text]\n<h4 style=\"text-align: center;\"><span style=\"color: #000000;\">Sammlung 2<\/span><\/h4>\n<h4 style=\"text-align: center;\">KOSTENLOSE DOWNLOADS:<\/h4>\n<h4 style=\"text-align: center;\"><a href=\"https:\/\/www.imtex-online.com\/mediathek\/downloads\/pub\/f277\/277_1.pdf\"><span style=\"color: #000080;\">Tonumfang der einzelnen Stimmen<\/span><\/a><\/h4>\n<h4 style=\"text-align: center;\"><a href=\"https:\/\/www.imtex-online.com\/mediathek\/downloads\/pub\/f277\/277_2.pdf\"><span style=\"color: #000080;\">Beispielseite<\/span><\/a><\/h4>\n[\/vc_column_text][\/vc_column][vc_column column_padding=&#8220;no-extra-padding&#8220; column_padding_position=&#8220;all&#8220; background_color=&#8220;#b0e2ff&#8220; background_color_opacity=&#8220;1&#8243; background_hover_color_opacity=&#8220;1&#8243; column_shadow=&#8220;none&#8220; column_border_radius=&#8220;none&#8220; width=&#8220;1\/4&#8243; tablet_text_alignment=&#8220;default&#8220; phone_text_alignment=&#8220;default&#8220; column_border_width=&#8220;none&#8220; column_border_style=&#8220;solid&#8220;][vc_column_text]\n<h4 style=\"text-align: center;\"><span style=\"color: #000000;\">Sammlung 3<\/span><\/h4>\n<h4 style=\"text-align: center;\">KOSTENLOSE DOWNLOADS:<\/h4>\n<h4 style=\"text-align: center;\"><a href=\"https:\/\/www.imtex-online.com\/mediathek\/downloads\/pub\/f278\/278_1.pdf\"><span style=\"color: #000080;\">Tonumfang der einzelnen Stimmen <\/span><\/a><\/h4>\n<h4 style=\"text-align: center;\"><a href=\"https:\/\/www.imtex-online.com\/mediathek\/downloads\/pub\/f278\/278_2.pdf\"><span style=\"color: #000080;\">Beispielseite<\/span><\/a><\/h4>\n[\/vc_column_text][\/vc_column][vc_column column_padding=&#8220;no-extra-padding&#8220; column_padding_position=&#8220;all&#8220; background_color=&#8220;#b0e2ff&#8220; background_color_opacity=&#8220;1&#8243; background_hover_color_opacity=&#8220;1&#8243; column_shadow=&#8220;none&#8220; column_border_radius=&#8220;none&#8220; width=&#8220;1\/4&#8243; tablet_text_alignment=&#8220;default&#8220; phone_text_alignment=&#8220;default&#8220; column_border_width=&#8220;none&#8220; column_border_color=&#8220;#ffffff&#8220; column_border_style=&#8220;solid&#8220;][vc_column_text]\n<h4 style=\"text-align: center;\"><span style=\"color: #000000;\">Sammlung 4<\/span><\/h4>\n<h4 style=\"text-align: center;\">KOSTENLOSE DOWNLOADS:<\/h4>\n<h4 style=\"text-align: center;\"><a href=\"https:\/\/www.imtex-online.com\/mediathek\/downloads\/pub\/f279\/279.pdf\"><span style=\"color: #000080;\">Tonumfang der einzelnen Stimmen<\/span><\/a><\/h4>\n<h4 style=\"text-align: center;\"><\/h4>\n[\/vc_column_text][\/vc_column][\/vc_row]\n","protected":false},"excerpt":{"rendered":"<p>[vc_row type=&#8220;in_container&#8220; full_screen_row_position=&#8220;middle&#8220; scene_position=&#8220;center&#8220; text_color=&#8220;dark&#8220; text_align=&#8220;left&#8220; overlay_strength=&#8220;0.3&#8243; shape_divider_position=&#8220;bottom&#8220;][vc_column column_padding=&#8220;no-extra-padding&#8220; column_padding_position=&#8220;all&#8220; background_color_opacity=&#8220;1&#8243; background_hover_color_opacity=&#8220;1&#8243; column_shadow=&#8220;none&#8220; column_border_radius=&#8220;none&#8220; width=&#8220;1\/4&#8243; tablet_text_alignment=&#8220;default&#8220; phone_text_alignment=&#8220;default&#8220; column_border_width=&#8220;none&#8220; column_border_style=&#8220;solid&#8220;][vc_column_text] [\/vc_column_text][\/vc_column][vc_column column_padding=&#8220;no-extra-padding&#8220; column_padding_position=&#8220;all&#8220; background_color_opacity=&#8220;1&#8243; background_hover_color_opacity=&#8220;1&#8243; column_shadow=&#8220;none&#8220; column_border_radius=&#8220;none&#8220; width=&#8220;3\/4&#8243; tablet_text_alignment=&#8220;default&#8220; phone_text_alignment=&#8220;default&#8220; column_border_width=&#8220;none&#8220;&#8230;<\/p>\n","protected":false},"author":2,"featured_media":0,"parent":0,"menu_order":3,"comment_status":"open","ping_status":"open","template":"","meta":[],"_links":{"self":[{"href":"https:\/\/www.germansuzuki.de\/index.php?rest_route=\/wp\/v2\/pages\/529"}],"collection":[{"href":"https:\/\/www.germansuzuki.de\/index.php?rest_route=\/wp\/v2\/pages"}],"about":[{"href":"https:\/\/www.germansuzuki.de\/index.php?rest_route=\/wp\/v2\/types\/page"}],"author":[{"embeddable":true,"href":"https:\/\/www.germansuzuki.de\/index.php?rest_route=\/wp\/v2\/users\/2"}],"replies":[{"embeddable":true,"href":"https:\/\/www.germansuzuki.de\/index.php?rest_route=%2Fwp%2Fv2%2Fcomments&post=529"}],"version-history":[{"count":56,"href":"https:\/\/www.germansuzuki.de\/index.php?rest_route=\/wp\/v2\/pages\/529\/revisions"}],"predecessor-version":[{"id":10682,"href":"https:\/\/www.germansuzuki.de\/index.php?rest_route=\/wp\/v2\/pages\/529\/revisions\/10682"}],"wp:attachment":[{"href":"https:\/\/www.germansuzuki.de\/index.php?rest_route=%2Fwp%2Fv2%2Fmedia&parent=529"}],"curies":[{"name":"wp","href":"https:\/\/api.w.org\/{rel}","templated":true}]}}