{"id":1970,"date":"2010-05-07T21:29:39","date_gmt":"2010-05-07T19:29:39","guid":{"rendered":"http:\/\/www.germansuzuki.com\/?page_id=1970"},"modified":"2022-03-20T20:42:54","modified_gmt":"2022-03-20T18:42:54","slug":"1970-2","status":"publish","type":"page","link":"https:\/\/www.germansuzuki.de\/?page_id=1970","title":{"rendered":"Anerkannte Teacher Trainers und Instructors"},"content":{"rendered":"[vc_row type=&#8220;in_container&#8220; full_screen_row_position=&#8220;middle&#8220; scene_position=&#8220;center&#8220; text_color=&#8220;dark&#8220; text_align=&#8220;left&#8220; overlay_strength=&#8220;0.3&#8243; shape_divider_position=&#8220;bottom&#8220;][vc_column column_padding=&#8220;no-extra-padding&#8220; column_padding_position=&#8220;all&#8220; background_color_opacity=&#8220;1&#8243; background_hover_color_opacity=&#8220;1&#8243; column_shadow=&#8220;none&#8220; column_border_radius=&#8220;none&#8220; width=&#8220;1\/4&#8243; tablet_text_alignment=&#8220;default&#8220; phone_text_alignment=&#8220;default&#8220; column_border_width=&#8220;none&#8220; column_border_style=&#8220;solid&#8220;][vc_column_text]<a href=\"https:\/\/www.germansuzuki.de\/wp-content\/uploads\/2018\/06\/Kathrin-1.jpg\"><img decoding=\"async\" loading=\"lazy\" class=\"alignnone size-full wp-image-8031\" src=\"https:\/\/www.germansuzuki.de\/wp-content\/uploads\/2018\/06\/Kathrin-1.jpg\" alt=\"\" width=\"319\" height=\"478\" srcset=\"https:\/\/www.germansuzuki.de\/wp-content\/uploads\/2018\/06\/Kathrin-1.jpg 319w, https:\/\/www.germansuzuki.de\/wp-content\/uploads\/2018\/06\/Kathrin-1-200x300.jpg 200w\" sizes=\"(max-width: 319px) 100vw, 319px\" \/><\/a>[\/vc_column_text][\/vc_column][vc_column column_padding=&#8220;no-extra-padding&#8220; column_padding_position=&#8220;all&#8220; background_color_opacity=&#8220;1&#8243; background_hover_color_opacity=&#8220;1&#8243; column_shadow=&#8220;none&#8220; column_border_radius=&#8220;none&#8220; width=&#8220;3\/4&#8243; tablet_text_alignment=&#8220;default&#8220; phone_text_alignment=&#8220;default&#8220; column_border_width=&#8220;none&#8220; column_border_style=&#8220;solid&#8220;][vc_column_text]\n<h2><span style=\"color: #000080;\"><strong>Kathrin Averdung, Violine<br \/>\n<\/strong><\/span><\/h2>\n<h4><span style=\"color: #000000;\"><em>D\u00fcsseldorf<\/em><\/span><\/h4>\n<h4><span style=\"color: #000000;\">studierte an der Hochschule der K\u00fcnste in Berlin bei Prof. <em>Koji Toyoda<\/em>, dem Nachfolger Shinichi Suzukis in Matsumoto und am Mozarteum in Salzburg bei <em>Ruggiero Ricci<\/em>. Sie ist langj\u00e4hriges Mitglied der Dortmunder Philharmoniker und bildet nicht nur Suzukilehrer aus, sondern erteilt auch ihren eigenen f\u00fcnf S\u00f6hnen Geigenunterricht.<\/span><\/h4>\n[\/vc_column_text][\/vc_column][\/vc_row][vc_row type=&#8220;in_container&#8220; full_screen_row_position=&#8220;middle&#8220; scene_position=&#8220;center&#8220; text_color=&#8220;dark&#8220; text_align=&#8220;left&#8220; overlay_strength=&#8220;0.3&#8243; shape_divider_position=&#8220;bottom&#8220;][vc_column column_padding=&#8220;no-extra-padding&#8220; column_padding_position=&#8220;all&#8220; background_color_opacity=&#8220;1&#8243; background_hover_color_opacity=&#8220;1&#8243; column_shadow=&#8220;none&#8220; column_border_radius=&#8220;none&#8220; width=&#8220;2\/3&#8243; tablet_text_alignment=&#8220;default&#8220; phone_text_alignment=&#8220;default&#8220; column_border_width=&#8220;none&#8220; column_border_style=&#8220;solid&#8220;]<div class=\"divider-wrap\"><div style=\"height: 25px;\" class=\"divider\"><\/div><\/div>[vc_column_text]\n<h2><strong><span style=\"color: #000080;\">Margherita Biederbick, Violine\u00a0<\/span> <\/strong><\/h2>\n<h4><span style=\"color: #000000;\"><em>Berlin<\/em><\/span><\/h4>\n<h4><span style=\"color: #000000;\">konzertierte nach ihrem Studium europaweit als Kammermusikerin (&#8222;Athena Quartett&#8220;). Parallel dazu endeckte sie ihre Leidenschaft f\u00fcr das Unterrichten. Sie absolvierte die Suzuki-Lehrerausbildung bei <em>Kerstin Wartberg<\/em> und <em>Isabel Morey Suau<\/em> und gr\u00fcndete im Jahre 2014 die <strong><em>Suzuki Geigenschule Berlin<\/em><\/strong>. Aufgrund ihres breiten Erfahrungsspektrums als professionelle Geigerin als auch als Lehrerin stellt sie f\u00fcr Anf\u00e4nger sowie f\u00fcr fortgeschrittene Sch\u00fcler eine kompetente F\u00fchrungskraft dar.<br \/>\n<\/span><\/h4>\n[\/vc_column_text][\/vc_column][vc_column column_padding=&#8220;no-extra-padding&#8220; column_padding_position=&#8220;all&#8220; background_color_opacity=&#8220;1&#8243; background_hover_color_opacity=&#8220;1&#8243; column_shadow=&#8220;none&#8220; column_border_radius=&#8220;none&#8220; width=&#8220;1\/3&#8243; tablet_text_alignment=&#8220;default&#8220; phone_text_alignment=&#8220;default&#8220; column_border_width=&#8220;none&#8220; column_border_style=&#8220;solid&#8220;][vc_column_text]<a href=\"https:\/\/www.germansuzuki.de\/wp-content\/uploads\/2019\/02\/Biederbick_037.jpg\"><img decoding=\"async\" loading=\"lazy\" class=\"alignleft size-full wp-image-8932\" src=\"https:\/\/www.germansuzuki.de\/wp-content\/uploads\/2019\/02\/Biederbick_037.jpg\" alt=\"\" width=\"414\" height=\"410\" srcset=\"https:\/\/www.germansuzuki.de\/wp-content\/uploads\/2019\/02\/Biederbick_037.jpg 414w, https:\/\/www.germansuzuki.de\/wp-content\/uploads\/2019\/02\/Biederbick_037-150x150.jpg 150w, https:\/\/www.germansuzuki.de\/wp-content\/uploads\/2019\/02\/Biederbick_037-300x297.jpg 300w, https:\/\/www.germansuzuki.de\/wp-content\/uploads\/2019\/02\/Biederbick_037-100x100.jpg 100w, https:\/\/www.germansuzuki.de\/wp-content\/uploads\/2019\/02\/Biederbick_037-140x140.jpg 140w\" sizes=\"(max-width: 414px) 100vw, 414px\" \/><\/a>[\/vc_column_text][vc_column_text][\/vc_column_text][\/vc_column][\/vc_row][vc_row type=&#8220;in_container&#8220; full_screen_row_position=&#8220;middle&#8220; scene_position=&#8220;center&#8220; text_color=&#8220;dark&#8220; text_align=&#8220;left&#8220; overlay_strength=&#8220;0.3&#8243; shape_divider_position=&#8220;bottom&#8220;][vc_column column_padding=&#8220;no-extra-padding&#8220; column_padding_position=&#8220;all&#8220; background_color_opacity=&#8220;1&#8243; background_hover_color_opacity=&#8220;1&#8243; column_shadow=&#8220;none&#8220; column_border_radius=&#8220;none&#8220; width=&#8220;2\/3&#8243; tablet_text_alignment=&#8220;default&#8220; phone_text_alignment=&#8220;default&#8220; column_border_width=&#8220;none&#8220; column_border_style=&#8220;solid&#8220;][vc_column_text]\n<h2><span style=\"color: #000080;\"><strong>Mike Hoover, Violine<br \/>\n<\/strong><\/span><\/h2>\n<h4><span style=\"color: #000000;\"><em>Weinstadt bei Stuttgart<\/em><\/span><\/h4>\n<h4><span style=\"color: #000000;\">organisiert regelm\u00e4\u00dfig beliebte Workshops. Der fr\u00fchere Arzt ist seit vielen Jahren ein begeisterter Kammermusiker. F\u00fcr zahlreiche Ver\u00f6ffentlichungen des Deutschen Suzuki Institutes besorgte er die \u00dcbersetzungen ins Englische.<\/span><\/h4>\n[\/vc_column_text][\/vc_column][vc_column column_padding=&#8220;no-extra-padding&#8220; column_padding_position=&#8220;all&#8220; background_color_opacity=&#8220;1&#8243; background_hover_color_opacity=&#8220;1&#8243; column_shadow=&#8220;none&#8220; column_border_radius=&#8220;none&#8220; width=&#8220;1\/3&#8243; tablet_text_alignment=&#8220;default&#8220; phone_text_alignment=&#8220;default&#8220; column_border_width=&#8220;none&#8220; column_border_style=&#8220;solid&#8220;][vc_column_text]\n<p style=\"text-align: right;\"><a href=\"https:\/\/www.germansuzuki.de\/wp-content\/uploads\/2018\/06\/Mike_Boxer.jpg\"><img decoding=\"async\" loading=\"lazy\" class=\"alignnone size-full wp-image-8018\" src=\"https:\/\/www.germansuzuki.de\/wp-content\/uploads\/2018\/06\/Mike_Boxer.jpg\" alt=\"\" width=\"876\" height=\"802\" srcset=\"https:\/\/www.germansuzuki.de\/wp-content\/uploads\/2018\/06\/Mike_Boxer.jpg 876w, https:\/\/www.germansuzuki.de\/wp-content\/uploads\/2018\/06\/Mike_Boxer-300x275.jpg 300w, https:\/\/www.germansuzuki.de\/wp-content\/uploads\/2018\/06\/Mike_Boxer-768x703.jpg 768w\" sizes=\"(max-width: 876px) 100vw, 876px\" \/><\/a><\/p>\n[\/vc_column_text][\/vc_column][\/vc_row][vc_row type=&#8220;in_container&#8220; full_screen_row_position=&#8220;middle&#8220; scene_position=&#8220;center&#8220; text_color=&#8220;dark&#8220; text_align=&#8220;left&#8220; overlay_strength=&#8220;0.3&#8243; shape_divider_position=&#8220;bottom&#8220;][vc_column column_padding=&#8220;no-extra-padding&#8220; column_padding_position=&#8220;all&#8220; background_color_opacity=&#8220;1&#8243; background_hover_color_opacity=&#8220;1&#8243; column_shadow=&#8220;none&#8220; column_border_radius=&#8220;none&#8220; width=&#8220;1\/4&#8243; tablet_text_alignment=&#8220;default&#8220; phone_text_alignment=&#8220;default&#8220; column_border_width=&#8220;none&#8220; column_border_style=&#8220;solid&#8220;][vc_column_text]<a href=\"https:\/\/www.germansuzuki.de\/wp-content\/uploads\/2018\/06\/Kimiti.jpg\"><img decoding=\"async\" loading=\"lazy\" class=\"alignnone size-full wp-image-8033\" src=\"https:\/\/www.germansuzuki.de\/wp-content\/uploads\/2018\/06\/Kimiti.jpg\" alt=\"\" width=\"239\" height=\"319\" srcset=\"https:\/\/www.germansuzuki.de\/wp-content\/uploads\/2018\/06\/Kimiti.jpg 239w, https:\/\/www.germansuzuki.de\/wp-content\/uploads\/2018\/06\/Kimiti-225x300.jpg 225w\" sizes=\"(max-width: 239px) 100vw, 239px\" \/><\/a>[\/vc_column_text][\/vc_column][vc_column column_padding=&#8220;no-extra-padding&#8220; column_padding_position=&#8220;all&#8220; background_color_opacity=&#8220;1&#8243; background_hover_color_opacity=&#8220;1&#8243; column_shadow=&#8220;none&#8220; column_border_radius=&#8220;none&#8220; width=&#8220;3\/4&#8243; tablet_text_alignment=&#8220;default&#8220; phone_text_alignment=&#8220;default&#8220; column_border_width=&#8220;none&#8220; column_border_style=&#8220;solid&#8220;]<div class=\"divider-wrap\"><div style=\"height: 25px;\" class=\"divider\"><\/div><\/div>[vc_column_text]\n<h2><strong><span style=\"color: #000080;\">Veronika Kimiti, Violine und Viola<\/span> <\/strong><\/h2>\n<h4><span style=\"color: #000000;\"><em>Ingolstadt <\/em><em>\/ M\u00fcnchen<\/em><\/span><\/h4>\n<h4><span style=\"color: #000000;\">geb\u00fcrtige Ungarin, arbeitete nach ihrem Studium zehn Jahre lang als Geigerin im Philharmonischen Orchester Regensburg. Als passionierte Musikp\u00e4dagogin baute sie an der Montessorischule in Ingolstadt eine ausgezeichnete Suzukigruppe f\u00fcr Violine und Viola auf. Sie veranstaltet mit ihren Sch\u00fclern zahlreiche Konzerte, die die Gruppe auch au\u00dferhalb ihres Wirkungskreises bis hin nach Ungarn bekannt gemacht haben.<\/span><\/h4>\n[\/vc_column_text][vc_column_text][\/vc_column_text][\/vc_column][\/vc_row][vc_row type=&#8220;in_container&#8220; full_screen_row_position=&#8220;middle&#8220; scene_position=&#8220;center&#8220; text_color=&#8220;dark&#8220; text_align=&#8220;left&#8220; overlay_strength=&#8220;0.3&#8243; shape_divider_position=&#8220;bottom&#8220;][vc_column column_padding=&#8220;no-extra-padding&#8220; column_padding_position=&#8220;all&#8220; background_color_opacity=&#8220;1&#8243; background_hover_color_opacity=&#8220;1&#8243; column_shadow=&#8220;none&#8220; column_border_radius=&#8220;none&#8220; width=&#8220;1\/2&#8243; tablet_text_alignment=&#8220;default&#8220; phone_text_alignment=&#8220;default&#8220; column_border_width=&#8220;none&#8220; column_border_style=&#8220;solid&#8220;][vc_column_text]\n<h2><span style=\"color: #000080;\"><strong>I<\/strong><\/span><strong><span style=\"color: #000080;\">sabel Morey Suau, Violine<\/span> <\/strong><\/h2>\n<h4><span style=\"color: #000000;\"><em>Kiel <\/em><\/span><\/h4>\n<h4><span style=\"color: #000000;\">Isabel Moreys gl\u00e4nzend gef\u00fchrte Suzukigruppe <strong><em>Camerata Academica<\/em><\/strong> existiert seit ca. 20 Jahren und genie\u00dft einen hervorragenden Ruf. Um die ganzheitliche Pers\u00f6nlichkeitsentwicklung zu f\u00f6rdern, werden Kinder und Jugendliche aus verschiedenen Kulturen, mit unterschiedlichen musikalischen F\u00e4higkeiten und voneinander abweichendem Sozialstatus zu Gruppen zusammengef\u00fchrt. Aus diesen Gruppen sind Preistr\u00e4ger von Wertbewerben wie <strong><em>Jugend musiziert<\/em><\/strong><em>, <strong>Rondo Wettbewerb L\u00fcbeck<\/strong><\/em> und Musikschulwettbewerben hervorgegangen.<\/span><\/h4>\n<h4><span style=\"color: #000000;\">Die Camerata Academica erhielt den Preis der <strong><em>Ruta Stiftung<\/em><\/strong> sowie zweimal die\u00a0silberne <strong><em>Rote Kreuz-Plakette<\/em><\/strong> \u00a0und absolvierte zahlreiche Konzerte im In- und Ausland. Die Qualit\u00e4t der Camerata regte verschiedene Komponisten an, dieser Gruppierung \u201ema\u00dfgeschneiderte\u201c Musik zu widmen.<\/span><\/h4>\n[\/vc_column_text]<div class=\"divider-wrap\"><div style=\"height: 25px;\" class=\"divider\"><\/div><\/div>[\/vc_column][vc_column column_padding=&#8220;no-extra-padding&#8220; column_padding_position=&#8220;all&#8220; background_color_opacity=&#8220;1&#8243; background_hover_color_opacity=&#8220;1&#8243; column_shadow=&#8220;none&#8220; column_border_radius=&#8220;none&#8220; width=&#8220;1\/2&#8243; tablet_text_alignment=&#8220;default&#8220; phone_text_alignment=&#8220;default&#8220; column_border_width=&#8220;none&#8220; column_border_style=&#8220;solid&#8220;]<div class=\"divider-wrap\"><div style=\"height: 25px;\" class=\"divider\"><\/div><\/div>[vc_column_text]<a href=\"https:\/\/www.germansuzuki.de\/wp-content\/uploads\/2018\/06\/Isabel-Hexentanz.jpg\"><img decoding=\"async\" loading=\"lazy\" class=\"alignnone size-full wp-image-8042\" src=\"https:\/\/www.germansuzuki.de\/wp-content\/uploads\/2018\/06\/Isabel-Hexentanz.jpg\" alt=\"\" width=\"1465\" height=\"961\" srcset=\"https:\/\/www.germansuzuki.de\/wp-content\/uploads\/2018\/06\/Isabel-Hexentanz.jpg 1465w, https:\/\/www.germansuzuki.de\/wp-content\/uploads\/2018\/06\/Isabel-Hexentanz-300x197.jpg 300w, https:\/\/www.germansuzuki.de\/wp-content\/uploads\/2018\/06\/Isabel-Hexentanz-768x504.jpg 768w, https:\/\/www.germansuzuki.de\/wp-content\/uploads\/2018\/06\/Isabel-Hexentanz-1024x672.jpg 1024w\" sizes=\"(max-width: 1465px) 100vw, 1465px\" \/><\/a>[\/vc_column_text][\/vc_column][\/vc_row][vc_row type=&#8220;in_container&#8220; full_screen_row_position=&#8220;middle&#8220; scene_position=&#8220;center&#8220; text_color=&#8220;dark&#8220; text_align=&#8220;left&#8220; overlay_strength=&#8220;0.3&#8243; shape_divider_position=&#8220;bottom&#8220;][vc_column column_padding=&#8220;no-extra-padding&#8220; column_padding_position=&#8220;all&#8220; background_color_opacity=&#8220;1&#8243; background_hover_color_opacity=&#8220;1&#8243; column_shadow=&#8220;none&#8220; column_border_radius=&#8220;none&#8220; width=&#8220;1\/4&#8243; tablet_text_alignment=&#8220;default&#8220; phone_text_alignment=&#8220;default&#8220; column_border_width=&#8220;none&#8220; column_border_style=&#8220;solid&#8220;][vc_column_text]\n<h4><a href=\"https:\/\/www.germansuzuki.de\/wp-content\/uploads\/2018\/06\/Simkin_17.jpg\"><img decoding=\"async\" loading=\"lazy\" class=\"alignnone size-medium wp-image-8061\" src=\"https:\/\/www.germansuzuki.de\/wp-content\/uploads\/2018\/06\/Simkin_17-263x300.jpg\" alt=\"\" width=\"263\" height=\"300\" srcset=\"https:\/\/www.germansuzuki.de\/wp-content\/uploads\/2018\/06\/Simkin_17-263x300.jpg 263w, https:\/\/www.germansuzuki.de\/wp-content\/uploads\/2018\/06\/Simkin_17.jpg 519w\" sizes=\"(max-width: 263px) 100vw, 263px\" \/><\/a><\/h4>\n[\/vc_column_text][\/vc_column][vc_column column_padding=&#8220;no-extra-padding&#8220; column_padding_position=&#8220;all&#8220; background_color_opacity=&#8220;1&#8243; background_hover_color_opacity=&#8220;1&#8243; column_shadow=&#8220;none&#8220; column_border_radius=&#8220;none&#8220; width=&#8220;3\/4&#8243; tablet_text_alignment=&#8220;default&#8220; phone_text_alignment=&#8220;default&#8220; column_border_width=&#8220;none&#8220; column_border_style=&#8220;solid&#8220;]<div class=\"divider-wrap\"><div style=\"height: 25px;\" class=\"divider\"><\/div><\/div>[vc_column_text]\n<h2><strong><span style=\"color: #000080;\">Sergej Simkin, Violine<\/span> <\/strong><\/h2>\n<h4><span style=\"color: #000000;\"><em>N\u00fcrnberg<br \/>\n<\/em><\/span><\/h4>\n<h4 class=\"bodytext\"><span style=\"color: #000000;\">ist zertifizierter Suzuki- und <em>CML<\/em>-Lehrer. Er studierte an der Nationalen <em>Tschaikowsky-Musikakademie<\/em> in Kiew und unterrichtet Violine nach der Suzuki Methode <span id=\"fbPhotoSnowliftCaption\">im <em>Musikpunkt.N\u00fcrnberg<\/em>. <\/span><span id=\"fbPhotoSnowliftCaption\"><\/span> Dort betreut er auch schwerpunktm\u00e4\u00dfig die Unterrichtspraktika des Deutschen Suzuki Instituts in N\u00fcrnberg.<\/span><\/h4>\n[\/vc_column_text][\/vc_column][\/vc_row][vc_row type=&#8220;in_container&#8220; full_screen_row_position=&#8220;middle&#8220; scene_position=&#8220;center&#8220; text_color=&#8220;dark&#8220; text_align=&#8220;left&#8220; overlay_strength=&#8220;0.3&#8243; shape_divider_position=&#8220;bottom&#8220;][vc_column column_padding=&#8220;no-extra-padding&#8220; column_padding_position=&#8220;all&#8220; background_color_opacity=&#8220;1&#8243; background_hover_color_opacity=&#8220;1&#8243; column_shadow=&#8220;none&#8220; column_border_radius=&#8220;none&#8220; width=&#8220;2\/3&#8243; tablet_text_alignment=&#8220;default&#8220; phone_text_alignment=&#8220;default&#8220; column_border_width=&#8220;none&#8220; column_border_style=&#8220;solid&#8220;]<div class=\"divider-wrap\"><div style=\"height: 25px;\" class=\"divider\"><\/div><\/div><div class=\"divider-wrap\"><div style=\"height: 25px;\" class=\"divider\"><\/div><\/div>[vc_column_text]\n<h2><span style=\"color: #000080;\"><strong>Kerstin Wartberg, Violine und Viola<br \/>\n<\/strong><\/span><\/h2>\n<h4><span style=\"color: #000000;\">ist eine der wenigen Teacher Trainer, die \u00fcber einen Zeitraum von mehreren Jahren hindurch bei Prof. Dr. Suzuki in Matsumoto\/Japan studierten. Sie ist Autorin vieler musikp\u00e4dagogischer Ver\u00f6ffentlichungen, die u.a. von Suzuki selbst empfohlen wurden. Frau Wartberg leitet seit 1982 die Suzukilehrer-Ausbildung in Deutschland und ist Initiatorin und Leiterin des Programmes &#8222;International Music Teachers EXchange&#8220; (IMTEX) und der digitalen <a href=\"https:\/\/www.imtex-online.com\/mediathek\/home\/\">IMTEX-Bibliothek<\/a>.<\/span><\/h4>\n[\/vc_column_text][\/vc_column][vc_column column_padding=&#8220;no-extra-padding&#8220; column_padding_position=&#8220;all&#8220; background_color_opacity=&#8220;1&#8243; background_hover_color_opacity=&#8220;1&#8243; column_shadow=&#8220;none&#8220; column_border_radius=&#8220;none&#8220; width=&#8220;1\/3&#8243; tablet_text_alignment=&#8220;default&#8220; phone_text_alignment=&#8220;default&#8220; column_border_width=&#8220;none&#8220; column_border_style=&#8220;solid&#8220;][vc_column_text]<a href=\"https:\/\/www.germansuzuki.de\/wp-content\/uploads\/2018\/06\/Kerstin-mit-Lori-231.jpg\"><img decoding=\"async\" loading=\"lazy\" class=\"alignnone size-full wp-image-8053\" src=\"https:\/\/www.germansuzuki.de\/wp-content\/uploads\/2018\/06\/Kerstin-mit-Lori-231.jpg\" alt=\"\" width=\"1703\" height=\"1192\" srcset=\"https:\/\/www.germansuzuki.de\/wp-content\/uploads\/2018\/06\/Kerstin-mit-Lori-231.jpg 1703w, https:\/\/www.germansuzuki.de\/wp-content\/uploads\/2018\/06\/Kerstin-mit-Lori-231-300x210.jpg 300w, https:\/\/www.germansuzuki.de\/wp-content\/uploads\/2018\/06\/Kerstin-mit-Lori-231-768x538.jpg 768w, https:\/\/www.germansuzuki.de\/wp-content\/uploads\/2018\/06\/Kerstin-mit-Lori-231-1024x717.jpg 1024w\" sizes=\"(max-width: 1703px) 100vw, 1703px\" \/><\/a>[\/vc_column_text][\/vc_column][\/vc_row][vc_row type=&#8220;in_container&#8220; full_screen_row_position=&#8220;middle&#8220; scene_position=&#8220;center&#8220; text_color=&#8220;dark&#8220; text_align=&#8220;left&#8220; overlay_strength=&#8220;0.3&#8243; shape_divider_position=&#8220;bottom&#8220;][vc_column column_padding=&#8220;no-extra-padding&#8220; column_padding_position=&#8220;all&#8220; background_color_opacity=&#8220;1&#8243; background_hover_color_opacity=&#8220;1&#8243; column_shadow=&#8220;none&#8220; column_border_radius=&#8220;none&#8220; width=&#8220;1\/4&#8243; tablet_text_alignment=&#8220;default&#8220; phone_text_alignment=&#8220;default&#8220; column_border_width=&#8220;none&#8220; column_border_style=&#8220;solid&#8220;]<div class=\"divider-wrap\"><div style=\"height: 25px;\" class=\"divider\"><\/div><\/div><div class=\"divider-wrap\"><div style=\"height: 25px;\" class=\"divider\"><\/div><\/div>[vc_column_text]\n<p style=\"text-align: right;\"><img decoding=\"async\" loading=\"lazy\" class=\"size-full alignright\" src=\"https:\/\/en.germansuzuki.com\/wp-content\/uploads\/2021\/06\/Arjada_Portrait.jpg\" width=\"936\" height=\"936\" \/><\/p>\n[\/vc_column_text][\/vc_column][vc_column column_padding=&#8220;no-extra-padding&#8220; column_padding_position=&#8220;all&#8220; background_color_opacity=&#8220;1&#8243; background_hover_color_opacity=&#8220;1&#8243; column_shadow=&#8220;none&#8220; column_border_radius=&#8220;none&#8220; width=&#8220;3\/4&#8243; tablet_text_alignment=&#8220;default&#8220; phone_text_alignment=&#8220;default&#8220; column_border_width=&#8220;none&#8220; column_border_style=&#8220;solid&#8220;]<div class=\"divider-wrap\"><div style=\"height: 25px;\" class=\"divider\"><\/div><\/div>[vc_column_text]\n<h2><span style=\"color: #000080;\"><strong>Arjada Hasanaj, Musik &amp; Bewegung<br \/>\n<\/strong><\/span><\/h2>\n<h4><span style=\"color: #000000;\"><em>Rimini, Italien<br \/>\n<\/em><\/span><\/h4>\n<h4>Arjada Hasanaj studierte Violine und Musikp\u00e4dagogik an der Academy of Arts (Kunstakademie) in Tirana \/ Albanien.<\/h4>\n<h4>Nach ihrem Abschluss studierte sie bei Kerstin Wartberg am Deutschen Suzuki Institut.<\/h4>\n<h4>Heute ist sie Teacher Trainerin des Deutschen Suzuki Instituts f\u00fcr &#8222;Music &amp; Movement&#8220; und unterrichtet in Deutschland, Italien und auf internationaler Ebene beim &#8222;International Music Teachers EXchange&#8220;.<\/h4>\n<h4>Au\u00dferdem hat sie eine Videoserie f\u00fcr die Step by Step Materialien aufgenommen.<\/h4>\n<h4>Arjada lebt mit ihrer Familie in Italien und betreibt in Rimini ihr eigenes Studio f\u00fcr Geigenp\u00e4dagogik und &#8222;Music &amp; Movement&#8220;.<\/h4>\n[\/vc_column_text][\/vc_column][\/vc_row][vc_row type=&#8220;in_container&#8220; full_screen_row_position=&#8220;middle&#8220; scene_position=&#8220;center&#8220; text_color=&#8220;dark&#8220; text_align=&#8220;left&#8220; overlay_strength=&#8220;0.3&#8243; shape_divider_position=&#8220;bottom&#8220;][vc_column column_padding=&#8220;no-extra-padding&#8220; column_padding_position=&#8220;all&#8220; background_color_opacity=&#8220;1&#8243; background_hover_color_opacity=&#8220;1&#8243; column_shadow=&#8220;none&#8220; column_border_radius=&#8220;none&#8220; width=&#8220;3\/4&#8243; tablet_text_alignment=&#8220;default&#8220; phone_text_alignment=&#8220;default&#8220; column_border_width=&#8220;none&#8220; column_border_style=&#8220;solid&#8220;]<div class=\"divider-wrap\"><div style=\"height: 25px;\" class=\"divider\"><\/div><\/div>[vc_column_text]\n<h2><span style=\"color: #000080;\"><strong>Constanze Wurzel, Violine<\/strong><\/span><\/h2>\n<h4><span style=\"color: #000000;\"><em>Remscheid<\/em><\/span><\/h4>\n<h4><span style=\"color: #000000;\">studierte und graduierte in Matsumoto\/Japan bei Prof. Dr. Suzuki und arbeitet seit ca. f\u00fcnfundzwanzig Jahren als Suzukilehrerin. Sie besch\u00e4ftigt sich intensiv mit der Integration unserer Methode in das Unterrichtsprogramm des Grundschulwesens. Au\u00dferdem gibt sie berufsbegleitende Kurse nach der italienischen, sogenannten <em>CML-Methode<\/em>. Diese hat zum Ziel, den Einstieg in die Vorschulp\u00e4dagogik nach der Suzuki-Methode vorzubereiten.<\/span><\/h4>\n[\/vc_column_text][\/vc_column][vc_column column_padding=&#8220;no-extra-padding&#8220; column_padding_position=&#8220;all&#8220; background_color_opacity=&#8220;1&#8243; background_hover_color_opacity=&#8220;1&#8243; column_shadow=&#8220;none&#8220; column_border_radius=&#8220;none&#8220; width=&#8220;1\/4&#8243; tablet_text_alignment=&#8220;default&#8220; phone_text_alignment=&#8220;default&#8220; column_border_width=&#8220;none&#8220; column_border_style=&#8220;solid&#8220;][vc_column_text]\n<p style=\"text-align: right;\"><a href=\"https:\/\/www.germansuzuki.de\/wp-content\/uploads\/2018\/06\/Constanze.jpg\"><img decoding=\"async\" loading=\"lazy\" class=\"alignnone size-full wp-image-8020\" src=\"https:\/\/www.germansuzuki.de\/wp-content\/uploads\/2018\/06\/Constanze.jpg\" alt=\"\" width=\"514\" height=\"708\" srcset=\"https:\/\/www.germansuzuki.de\/wp-content\/uploads\/2018\/06\/Constanze.jpg 514w, https:\/\/www.germansuzuki.de\/wp-content\/uploads\/2018\/06\/Constanze-218x300.jpg 218w\" sizes=\"(max-width: 514px) 100vw, 514px\" \/><\/a><\/p>\n[\/vc_column_text][\/vc_column][\/vc_row]\n","protected":false},"excerpt":{"rendered":"<p>[vc_row type=&#8220;in_container&#8220; full_screen_row_position=&#8220;middle&#8220; scene_position=&#8220;center&#8220; text_color=&#8220;dark&#8220; text_align=&#8220;left&#8220; overlay_strength=&#8220;0.3&#8243; shape_divider_position=&#8220;bottom&#8220;][vc_column column_padding=&#8220;no-extra-padding&#8220; column_padding_position=&#8220;all&#8220; background_color_opacity=&#8220;1&#8243; background_hover_color_opacity=&#8220;1&#8243; column_shadow=&#8220;none&#8220; column_border_radius=&#8220;none&#8220; width=&#8220;1\/4&#8243; tablet_text_alignment=&#8220;default&#8220; phone_text_alignment=&#8220;default&#8220; column_border_width=&#8220;none&#8220; column_border_style=&#8220;solid&#8220;][vc_column_text][\/vc_column_text][\/vc_column][vc_column column_padding=&#8220;no-extra-padding&#8220; column_padding_position=&#8220;all&#8220; background_color_opacity=&#8220;1&#8243; background_hover_color_opacity=&#8220;1&#8243; column_shadow=&#8220;none&#8220; column_border_radius=&#8220;none&#8220; width=&#8220;3\/4&#8243; tablet_text_alignment=&#8220;default&#8220; phone_text_alignment=&#8220;default&#8220; column_border_width=&#8220;none&#8220; column_border_style=&#8220;solid&#8220;][vc_column_text]&#8230;<\/p>\n","protected":false},"author":2,"featured_media":0,"parent":1358,"menu_order":4,"comment_status":"closed","ping_status":"closed","template":"","meta":[],"_links":{"self":[{"href":"https:\/\/www.germansuzuki.de\/index.php?rest_route=\/wp\/v2\/pages\/1970"}],"collection":[{"href":"https:\/\/www.germansuzuki.de\/index.php?rest_route=\/wp\/v2\/pages"}],"about":[{"href":"https:\/\/www.germansuzuki.de\/index.php?rest_route=\/wp\/v2\/types\/page"}],"author":[{"embeddable":true,"href":"https:\/\/www.germansuzuki.de\/index.php?rest_route=\/wp\/v2\/users\/2"}],"replies":[{"embeddable":true,"href":"https:\/\/www.germansuzuki.de\/index.php?rest_route=%2Fwp%2Fv2%2Fcomments&post=1970"}],"version-history":[{"count":96,"href":"https:\/\/www.germansuzuki.de\/index.php?rest_route=\/wp\/v2\/pages\/1970\/revisions"}],"predecessor-version":[{"id":8938,"href":"https:\/\/www.germansuzuki.de\/index.php?rest_route=\/wp\/v2\/pages\/1970\/revisions\/8938"}],"up":[{"embeddable":true,"href":"https:\/\/www.germansuzuki.de\/index.php?rest_route=\/wp\/v2\/pages\/1358"}],"wp:attachment":[{"href":"https:\/\/www.germansuzuki.de\/index.php?rest_route=%2Fwp%2Fv2%2Fmedia&parent=1970"}],"curies":[{"name":"wp","href":"https:\/\/api.w.org\/{rel}","templated":true}]}}